20 - 3/(-15). Let j(d) = -d**3 - 6*d**2 + 5*d. Let p be j(-7). What is the highest common factor of p and t?
14
Let u = 163 + -51. Suppose -4*q - 2*y + 66 = q, -62 = -5*q - 4*y. Calculate the greatest common divisor of u and q.
14
Let f be (-3)/1 + -1602*19/(-114). What is the highest common divisor of f and 165?
33
Suppose -f + 377 = -2*c, 0 = -0*f + f - c - 381. Let i(y) = -361*y - 6463. Let b be i(-18). Calculate the highest common divisor of f and b.
35
Suppose -23*q + 5 = -24*q. Let h be (q/(10/(-28)))/(14/392). What is the highest common divisor of h and 56?
56
Suppose -437 + 362 = -j. Calculate the greatest common divisor of 50 and j.
25
Let u = -67 - -76. Suppose u = 5*z - 4*z. Let l be 11 + (0 - -2) + -4. What is the greatest common divisor of l and z?
9
Let f be ((-1)/((-30)/24))/((-2)/(-25)). Suppose 0 = p - 2*p + 110. Calculate the highest common factor of f and p.
10
Let k(c) be the third derivative of 0*c - 1/24*c**4 + 0 + 16*c**3 - 4*c**2. Let w be k(0). Calculate the greatest common factor of 12 and w.
12
Let k(g) = 106*g**2 - 1. Let z = 11 + -12. Let v be k(z). Let d = 155 - v. What is the highest common factor of 10 and d?
10
Let r(v) = -v**2 - 12*v - 14. Let n(u) = u**3 - 4*u**2. Let o = -28 + 30. Let x be n(o). Let k be r(x). What is the greatest common factor of 12 and k?
6
Let k = -366 + 378. Calculate the greatest common divisor of k and 108.
12
Suppose 4*x - 4*r - 176 = 0, -8*x + 2*r = -10*x + 68. What is the highest common divisor of 1911 and x?
39
Suppose -4*i - 3*q + 15 = 2*q, 2*i = q + 11. Suppose i*j - 52 = j. Suppose 295 = 5*w - 160. What is the greatest common factor of j and w?
13
Suppose -19*g = -256 - 29. Calculate the greatest common divisor of g and 27.
3
Suppose 0 = 21*h - 19*h + 162. Let x = -60 - h. What is the highest common factor of 63 and x?
21
Let k(v) = -v**3 - 6*v - v - 9*v**2 + 0*v + 17. Let w be k(-9). Let f = 45 + -25. Calculate the greatest common factor of w and f.
20
Suppose -343*a - 50*a + 9884 = -40*a. Let d be 35 - 0/((-2)/2). Calculate the greatest common factor of d and a.
7
Let g(l) = -l**2 - 6*l + 4. Let a be g(-5). Let i(o) = 3*o + 0*o**2 - 6*o + 2 + o**2. Let h be i(4). What is the highest common divisor of h and a?
3
Suppose -4*g + 73 = 5*w, 4*w = g + 10 - 2. What is the greatest common factor of 84 and g?
12
Suppose 2*k = 7*k. Suppose -c - c = k. Suppose -4*l - 5*r + 120 = c, 0 = -0*l - 5*l - r + 171. Calculate the highest common factor of 7 and l.
7
Let v be (-12)/12 + 2*11. Let a = 11 - -3. Calculate the highest common divisor of v and a.
7
Let g be (-4)/(-10) - (-128)/80. Suppose -88 = -g*u + 248. Calculate the greatest common factor of 21 and u.
21
Let i(g) = g**3 + 5*g**2 - g - 5. Let u be i(-4). Let o(w) = w**3 - 16*w**2 + 17*w - 18. Let m be o(u). Calculate the highest common factor of m and 132.
12
Let o be (-26)/(-39) - (-14)/(-3). Let q = o + 15. What is the greatest common divisor of q and 99?
11
Let j(t) be the second derivative of t**4/6 - t**3/6 - 13*t**2/2 + 13*t. Let p be j(4). What is the greatest common divisor of 30 and p?
15
Let b(p) = 3*p**2 - 2*p + 2. Let k be b(2). Suppose 6*y = k*y - 832. Calculate the greatest common divisor of y and 26.
26
Let x(l) = l**2 + 8*l + 5. Let k be x(-6). Let p be -2 + k/((-14)/12). Let z = -1040 - -1068. Calculate the greatest common factor of p and z.
4
Suppose 4*o + 0*s - 172 = -5*s, 5*s = -5*o + 210. Suppose 5*t - 6*t + 338 = -2*q, 5*t - 3*q = 1704. Calculate the highest common factor of t and o.
38
Suppose -j = 5, 3*m = -3*j + 64 + 29. What is the highest common divisor of 1206 and m?
18
Let n be 8 - 18/27*21/2. What is the highest common divisor of n and 281?
1
Let f = -1253 - -2325. Calculate the greatest common factor of f and 16.
16
Let o = -316 - -610. Calculate the greatest common factor of o and 490.
98
Let s = 9 + 45. Suppose 4*g = -g + 120. Suppose -5*o + o + 4*x + g = 0, -4*o + 3*x = -27. What is the highest common divisor of o and s?
9
Suppose 0 = -12*l + 1106 - 170. Calculate the greatest common divisor of l and 168.
6
Let z(u) = u**2 + 17*u - 9. Let x be z(-16). Let y = x - -39. Calculate the highest common factor of 126 and y.
14
Let t be ((-324)/42 - -6)/(18/(-168)). Suppose -3*k + 5*i + 86 = k, -4*k + 2*i = -92. What is the greatest common factor of t and k?
8
Suppose -11 - 13 = 2*s. Let l be (10/(-15))/(2/s). Calculate the greatest common divisor of l and 16.
4
Let j be -360*(45/(-20) - 0). Suppose 0*d = 5*d - j. Let u = -11 + 29. Calculate the highest common divisor of u and d.
18
Let p be (-1)/2*(-20 + 14). Suppose -p*c + 284 = -4*u, u = 5*c + 2*u - 435. Calculate the highest common divisor of 11 and c.
11
Let k be 2 - (-7 - 30/(-6)). Suppose 2*h - k*o + 4 = 0, -4 = -3*h - o + 2*o. Let l be 1 + (-1)/(1/(-2)). Calculate the highest common factor of h and l.
1
Suppose -26 = 2*w - 3*w. Let j = -26 + w. Let r be 12 + 4/(-16)*j. Calculate the highest common factor of r and 3.
3
Suppose 54 = 3*k + 4*x - 344, -x = 3*k - 383. Calculate the highest common factor of k and 522.
18
Let z(t) = -9*t + 14. Let m be z(3). Let k(r) = -r**3 - 12*r**2 + 11*r - 13. Let q be k(m). Calculate the greatest common divisor of 39 and q.
13
Suppose 0 = 3*b + l - 18, 3*l + 0*l + 24 = 4*b. Calculate the highest common divisor of 246 and b.
6
Suppose 5*k - 53 = 47. Let p be ((-70)/8)/(-1) - 385/(-308). Calculate the highest common divisor of p and k.
10
Suppose 6*k + 2*k = 1504. What is the highest common factor of k and 8?
4
Suppose -51 = -3*q - 15. Let k = 23 + -5. Let h be (k/(-5))/(2/(-20)). Calculate the greatest common divisor of q and h.
12
Let t be (-2)/(-10) + (-9)/(-5). Suppose -p = -2*y + 33, t*y - 12 - 9 = -3*p. What is the greatest common factor of y and 165?
15
Suppose 4*j - 25 = -57. Let r be ((-7)/2 - 4/j) + 35. What is the highest common divisor of 4 and r?
4
Suppose -2*p = -35 + 3. Let m = 39 + -37. Let b be ((-4)/10)/(m/(-160)). Calculate the highest common divisor of b and p.
16
Let j be (9 - (-1197)/(-35))/((-2)/10). What is the greatest common divisor of j and 70?
14
Suppose 3 = 3*t + 15. Let l be (0 + -1)*-24 - t. Let k = -16 + l. Calculate the greatest common divisor of k and 8.
4
Let g(r) = r**2 + 4. Let a be g(-3). Let t = 782 + -769. What is the highest common factor of t and a?
13
Suppose 4*g - 3*g = u + 8, 0 = 2*g - 5*u - 22. Let l be (g/18)/((-1)/(-114)). What is the greatest common divisor of l and 2?
2
Let q(d) = 90*d**2 - 2*d + 5. Let n be q(1). Let t = -141 + 203. Calculate the greatest common divisor of n and t.
31
Let p(t) = 6*t**2 + 6*t - 5. Suppose -8*g - 32 = -8. Let q be p(g). Calculate the greatest common factor of q and 31.
31
Let n(k) = -5*k + 91. Let u be n(-28). What is the greatest common factor of u and 84?
21
Let c(s) = 108*s - 144. Let k be c(2). Calculate the highest common factor of k and 312.
24
Let j(l) = 8*l - l + 0*l - l**3 - 4*l**2 + 10*l**2 + 6. Let z be j(7). Calculate the greatest common divisor of z and 3.
3
Let a = -45 - -177. Suppose 10*z + 21 = 141. Calculate the greatest common divisor of a and z.
12
Suppose 0 = -26*j - 124 + 956. Calculate the greatest common divisor of j and 1.
1
Let c be (-287)/(-42)*6 + -1. Suppose 0 = -4*b + 5*x + 42 - 7, 4*b + 2*x - 14 = 0. Calculate the highest common factor of b and c.
5
Let y(p) = 31*p - 3. Let b be y(3). Calculate the highest common factor of b and 27.
9
Suppose -w - 4*w + 1800 = 0. Suppose 0 = -5*f + k + 1046, -k - w - 477 = -4*f. What is the highest common factor of 19 and f?
19
Let b be 4 - ((-5 - 18)*3 - -3). Calculate the highest common divisor of 280 and b.
70
Suppose 5*t = -5*i + 587 + 568, -672 = -3*i + 4*t. Calculate the highest common factor of 24 and i.
12
Suppose 100*x = -4*r + 97*x + 79, -x + 96 = 5*r. What is the greatest common divisor of 209 and r?
19
Suppose 4*m - 10 + 2 = 0. Let z be (-4)/m + (2 - -11). Suppose -92 + 4 = -2*w + 5*k, -3*k = -3*w + 132. What is the highest common factor of z and w?
11
Suppose -2 = -m - 7, -3*m = 2*t + 9. Suppose -2*f - f - t*v + 105 = 0, 5*f = 3*v + 135. What is the greatest common divisor of f and 10?
10
Suppose 4*x - 2*l - 504 = 0, 36 = x + 3*l - 76. Suppose -y = -5*o + 298, -3*y - 50 = -3*o + x. Calculate the highest common factor of 12 and o.
12
Suppose 0 = t - 3*f - 74, 4